ppose 0 = -p*i + 148 + 28. What is the units digit of i?
4
Let j be 78/(-9)*(5 + -2 - -3). Let c = -46 - j. What is the units digit of c?
6
Let c be 120/(-6) - (0 + 1). Let k = 29 - c. What is the tens digit of k?
5
Let n(i) = -2*i - 7. Let r = 26 + -31. Let p be n(r). Let v(x) = 5*x**2 - 6*x + 7. What is the tens digit of v(p)?
3
Let q(k) = k - 3. Let n be q(5). Suppose -2*s + n = -26. What is the tens digit of s?
1
Suppose 3*x - 517 = -5*k, -188*k = -185*k - 4*x - 287. What is the hundreds digit of k?
1
Suppose -4*s = -5*k + 8, 0*s + 4 = -2*s. Suppose k = -5*h - 5*i + 4*i + 240, 2*i = -4*h + 198. What is the units digit of h?
7
Suppose 2*u - 987 = -3*q, -5 = 5*q - 30. What is the tens digit of u?
8
Suppose -447*j + 450*j = 2115. What is the tens digit of j?
0
What is the hundreds digit of (-17848)/(-138) + 4/6?
1
What is the tens digit of ((1 - 157)/(-4))/((-6)/(-46))?
9
Let n(w) = -w**2 + 3*w + 1. Let l be n(4). What is the tens digit of (l + 4)*22 - 3?
1
Let h(p) = -11*p - 9. Let d be h(-2). Suppose -231 = -d*r + 1420. What is the tens digit of r?
2
Suppose -3*s - 10593 = -3*g, -59*g + 54*g = 4*s - 17655. What is the thousands digit of g?
3
Let a be 12/(-8) - (63/6)/(-3). Suppose -m = -71 + a. What is the units digit of m?
9
Suppose 14*y - 145 = 8395. What is the tens digit of y?
1
Let y(g) = 129*g - 11. What is the tens digit of y(4)?
0
Let c = 7283 - 3818. What is the tens digit of c?
6
Let k(s) = -172*s - 4. Let d be k(4). Let j be d/(-16) - (-3)/(-12). Suppose 4*t = 45 + j. What is the tens digit of t?
2
Let r = 14 + -12. Let j(x) = -x**3 - 2*x**r - 8*x**2 + 1 - x + 2*x**2 - 2*x. What is the units digit of j(-8)?
5
Suppose o + 4*w = 2725, o = -w + 2719 - 9. What is the hundreds digit of o?
7
Let b be ((-8)/6)/((-6)/(-9)). Let l be b - -1 - (-6 + 8). What is the units digit of (-82)/(-5) - l/5?
7
Let j(k) be the third derivative of -k**4/24 - k**3/3 + 4*k**2. Let x be j(-6). Suppose 8*q = x*q + 64. What is the tens digit of q?
1
Let d = 28 + 70. Suppose d = 3*x - 5*o, -27 = -5*x - 5*o + 123. What is the units digit of x?
1
What is the hundreds digit of (-4)/(-18) - -217*(-136)/(-36)?
8
Let p = 198 + -78. Suppose 4*o = p + 88. What is the units digit of o?
2
Let f = 3472 + -2024. What is the hundreds digit of f?
4
Let q(j) = -17*j**3 + j**2 + 2*j + 1. Let f be q(-1). Suppose -3*r + f = 53. What is the tens digit of (-375)/r - 15/(-20)?
3
Suppose 2*u - 9036 = -2492. What is the units digit of u?
2
Let t be (21/(-6) - -3)*6. Let i be 3 + 3/t - -2. Suppose 4*s = i*a - 64, -2*s - 70 = -a - 3*a. What is the units digit of a?
9
Let f = 9 - 11. Let l(c) = -52*c - 10. What is the tens digit of l(f)?
9
Let b be 3/(21/8 - 3). Let c be 39/52 - 106/b. What is the units digit of 35/c*(5 + -1)?
0
Suppose 3*s - 4*s = 5, 13 = -2*f - 3*s. Let m be (0/(-4))/(f + -3). Suppose -196 = -4*j - m*j + 2*t, 5*j = 2*t + 245. What is the units digit of j?
9
Let h be -25 + 28 + (0 - 0). Let n = 130 - 25. Suppose -3*d + h*g + 153 = -0*g, 5*g = 2*d - n. What is the tens digit of d?
5
Let j = -2691 - -3879. Suppose 185*a - j = 181*a. What is the tens digit of a?
9
Let z = -19 - -19. Suppose 0 = 3*b - z*b + 4*r - 45, 0 = b - 3*r - 15. What is the units digit of b?
5
Suppose -48 = -4*v - 5*i, 2*i - 60 = -v - 4*v. What is the units digit of ((-32)/v)/((-1)/24)?
4
Let u = 2 + -9. Let p = -6 - u. What is the units digit of (p + -5)/((-1)/6)?
4
Let g(y) = -y**2 - 9*y + 13. Let q be g(-10). Let r(j) = j**2 - 2. Let p be r(q). Suppose 2*f - u = 3*f - 11, -f + u = -p. What is the units digit of f?
9
Let q(c) = -75*c + 1. Let i be q(-1). What is the units digit of 0 - (-1*i - 2)?
8
Suppose -3*m = -k + 3046, -5*k + 5*m + 10680 = -4600. What is the thousands digit of k?
3
Suppose 4*b + 1357 = 2129. What is the units digit of b?
3
Suppose 26*q = 23*q + 12. Suppose 175 = r + q*r. What is the tens digit of r?
3
Let y be (-9215)/30 - (-1)/6. Let u be 3/9*(2 - y). Suppose 0 = -4*o - 5*t + u + 8, -3*t + 129 = 5*o. What is the tens digit of o?
2
Let q(n) = 6*n**2 - 6*n + 82. What is the units digit of q(11)?
2
Let m = -82 + 19. Let g = m + 142. What is the units digit of g?
9
Let l be (0/2)/(12 - 10). Suppose 4*s + 0*s = l. Suppose -5*b + 5*j + 193 + 2 = s, 4*j - 89 = -3*b. What is the tens digit of b?
3
What is the units digit of 9/33 - (-161739)/99?
4
Suppose -3*q + 7804 = 5*o, 4318 = 2*o + 3*q + 1200. What is the thousands digit of o?
1
Suppose 2*k + 5*r = -4, 3*k + 5*r = 3*r + 5. Let l = k + -1. What is the units digit of l + 0 + 3 + 29?
4
Let x = 1737 + -913. What is the hundreds digit of x?
8
Suppose 0*m + 18 = z - 2*m, z + 5*m = 39. Suppose 0 = -28*g + z*g + 180. What is the units digit of g?
5
Suppose -7*v - 366 = -1535. Suppose 2*u = -3*r + 273, v = 2*u - 4*r - 113. What is the tens digit of u?
3
Let m = 19 + -3. Let g = m + 40. What is the tens digit of g?
5
Let r = -549 - -756. What is the tens digit of r?
0
What is the thousands digit of 7/((-7)/(-4)) + 1693 + -7?
1
Suppose -2*o - 8 = -0, 0 = 2*a + o - 1404. What is the units digit of a?
4
Let i(r) = 3*r - 18. Let a be i(24). Let q = a + 51. What is the tens digit of q?
0
Suppose 0*s + 5*v = -5*s - 15, 2*s = 2*v + 14. Suppose 0*k = s*k - 138. What is the tens digit of k?
6
Let p be 6/(-27) - (-2)/9. Suppose p = -0*x + 3*x - 78. What is the tens digit of x?
2
Suppose 5*v - 335 - 45 = 0. Let x = 108 - 112. Let h = x + v. What is the units digit of h?
2
Suppose -5*t = -3*t. Let g(z) = -z. Let y(s) = -5*s + 5. Let c(h) = -4*g(h) + y(h). What is the units digit of c(t)?
5
Suppose 3*n = -7 + 16. Suppose n = -q + 8. Suppose q*m + 33 = 8*m. What is the tens digit of m?
1
Suppose 3*i - 40 = -4*n + 3, 2*i - 45 = -5*n. Suppose -42*k + 49*k - n = 0. What is the units digit of k?
1
Let v(w) = -34*w - 32. Let h = 54 + -59. What is the units digit of v(h)?
8
Suppose 4*l = -0*l + 3*h + 224, -5*l + h + 291 = 0. Let v = l + -13. What is the tens digit of v?
4
Suppose -99954 = -19*c + c. What is the thousands digit of c?
5
Suppose -4*u + 2*z - 7 = -21, -3*u + 13 = -2*z. Let n = 7 + u. What is the units digit of 146/n + (-3)/12?
8
Let x be 45/12 - 7/(-28). Suppose -5*a + 5*p + 450 = 155, 112 = 2*a - x*p. Let z = a + -20. What is the units digit of z?
2
Let l be (44 + -1)/((-7)/(-14)). Suppose 0 = y + y + l. Let d = y - -61. What is the units digit of d?
8
Let k(f) = 10*f**2 + f - 3. Let q be k(-2). Let x = 55 - q. What is the units digit of x?
0
Suppose s - 13 = 3*w, s = -4*w - 9 + 1. Suppose 4*g - 4*x = -8*x + 68, -85 = -5*g + s*x. What is the tens digit of g?
1
Suppose -4*d + 176 = 4*p, 0 = 2*d - p - 6 - 97. Let r = -31 + d. What is the units digit of r?
8
Let j = -38 - -42. Suppose 3*c + 542 = 8*c - a, -c = -j*a - 116. What is the tens digit of c?
0
Let a(b) = b**3 + 7*b**2 + 6*b. Let q be a(-6). Suppose 4*r + q*f - 801 = 5*f, 4*r = f + 781. What is the units digit of r?
4
Suppose 24*w = -13046 + 68006. What is the thousands digit of w?
2
Let m be (-20)/15*(-3)/(-1). Let g(z) = -z**2 - 6*z - 5. Let d be g(m). Suppose -8 + 11 = d*f. What is the units digit of f?
1
Suppose -3*l = 4*l. Suppose n - a = 2*a - 7, 4*n - 2*a - 2 = l. Suppose -m + 24 = -n. What is the units digit of m?
6
Suppose -2*h + 5*b = -747, -178 = 5*h + 3*b - 2061. What is the hundreds digit of h?
3
Let i(d) = -289*d - 44. What is the units digit of i(-2)?
4
Let l(h) be the third derivative of 61*h**7/840 + h**5/120 - 11*h**3/6 + 10*h**2. Let m(d) be the first derivative of l(d). What is the tens digit of m(1)?
6
What is the hundreds digit of (26*-6)/(-4)*(-26)/(-6)?
1
Let v = -5144 - -7804. What is the thousands digit of v?
2
Suppose -1067 = -2*i + o - 0*o, 0 = 2*i + 5*o - 1037. What is the tens digit of i?
3
Suppose 2*f + 41*f = 52976. What is the thousands digit of f?
1
Suppose 4*h + 42 = 3*m, -4*h - 7 = -m - 1. Let v = 42 - -3. Let l = v - m. What is the units digit of l?
7
What is the units digit of ((-174)/(-12))/(2/128)?
8
Let k = 6 - -3. Suppose 2*s - k = -3. Suppose 2*a = -s*n + 42, -a - 2*n + 0*n + 21 = 0. What is the units digit of a?
1
Suppose 0*r - 124 = -2*r. Let b = 8 + r. What is the tens digit of b?
7
Suppose 355 + 43 = -4*s + 2*a, -s + 4*a - 117 = 0. Let d = s - -147. What is the units digit of d?
0
Let x(c) = 0*c + 7*c - 9*c + 25 - c. What is the tens di